{"id":2889,"date":"2023-12-12T21:24:09","date_gmt":"2023-12-12T21:24:09","guid":{"rendered":"https:\/\/vivetuestilo.com.ar\/vive\/?post_type=product&#038;p=2889"},"modified":"2026-02-02T16:01:16","modified_gmt":"2026-02-02T19:01:16","slug":"color-check","status":"publish","type":"product","link":"https:\/\/vivetuestilo.com.ar\/vive\/product\/color-check\/","title":{"rendered":"Color Check"},"content":{"rendered":"<p><b>Un test digital para descubrir los colores que te hacen brillar.<\/b><\/p>\n<p><span style=\"font-weight: 400;\">\u00bfQuer\u00e9s saber qu\u00e9 gama de colores te ilumina m\u00e1s, realza tu piel y te hace ver m\u00e1s radiante\u2026 sin moverte de tu casa?<\/span><\/p>\n<p><span style=\"font-weight: 400;\">Con el <\/span><b>Color Check<\/b><span style=\"font-weight: 400;\">, vas a poder:<\/span><span style=\"font-weight: 400;\"><br \/>\n<\/span><span style=\"font-weight: 400;\"> &#x1f4f8; Subir una foto de tu rostro (\u00a1sin maquillaje!)<\/span><span style=\"font-weight: 400;\"><br \/>\n<\/span><span style=\"font-weight: 400;\"> &#x1f308; Compararla con diferentes estaciones de color<\/span><span style=\"font-weight: 400;\"><br \/>\n<\/span><span style=\"font-weight: 400;\"> &#x1f50d; Identificar cu\u00e1l armoniza mejor con tus rasgos naturales<\/span><\/p>\n<p data-start=\"106\" data-end=\"135\">&#x2728; <strong data-start=\"108\" data-end=\"133\">Es ideal para vos si:<\/strong><\/p>\n<ul data-start=\"136\" data-end=\"366\">\n<li data-start=\"136\" data-end=\"187\">\n<p data-start=\"138\" data-end=\"187\">No sab\u00e9s por d\u00f3nde empezar con tu colorimetr\u00eda.<\/p>\n<\/li>\n<li data-start=\"188\" data-end=\"264\">\n<p data-start=\"190\" data-end=\"264\">Quer\u00e9s una primera aproximaci\u00f3n antes de hacer una sesi\u00f3n personalizada.<\/p>\n<\/li>\n<li data-start=\"265\" data-end=\"366\">\n<p data-start=\"267\" data-end=\"366\">Sos asesora de imagen y busc\u00e1s una herramienta pr\u00e1ctica para entrenar y sumar valor a tu trabajo.<\/p>\n<\/li>\n<\/ul>\n<p><span style=\"font-weight: 400;\">Pr\u00e1ctico, visual y sencillo. Perfecto para dar ese primer paso en el mundo del color.<\/span><\/p>\n<p><b>&#x1f4a1; Acced\u00e9 al test ahora y empez\u00e1 a descubrir los colores que mejor hablan de vos.<\/b><\/p>\n","protected":false},"excerpt":{"rendered":"<p>Un test digital para descubrir los colores que te hacen brillar. \u00bfQuer\u00e9s saber qu\u00e9 gama de colores te ilumina m\u00e1s, realza tu piel y te hace ver m\u00e1s radiante\u2026 sin moverte de tu casa? Con el Color Check, vas a poder: &#x1f4f8; Subir una foto de tu rostro (\u00a1sin maquillaje!) &#x1f308; Compararla con diferentes estaciones [&hellip;]<\/p>\n","protected":false},"featured_media":3232,"template":"","meta":{"site-sidebar-layout":"default","site-content-layout":"","ast-site-content-layout":"default","site-content-style":"default","site-sidebar-style":"default","ast-global-header-display":"","ast-banner-title-visibility":"","ast-main-header-display":"","ast-hfb-above-header-display":"","ast-hfb-below-header-display":"","ast-hfb-mobile-header-display":"","site-post-title":"","ast-breadcrumbs-content":"","ast-featured-img":"","footer-sml-layout":"","ast-disable-related-posts":"","theme-transparent-header-meta":"default","adv-header-id-meta":"","stick-header-meta":"","header-above-stick-meta":"","header-main-stick-meta":"","header-below-stick-meta":"","astra-migrate-meta-layouts":"set","ast-page-background-enabled":"default","ast-page-background-meta":{"desktop":{"background-color":"var(--ast-global-color-4)","background-image":"","background-repeat":"repeat","background-position":"center center","background-size":"auto","background-attachment":"scroll","background-type":"","background-media":"","overlay-type":"","overlay-color":"","overlay-opacity":"","overlay-gradient":""},"tablet":{"background-color":"","background-image":"","background-repeat":"repeat","background-position":"center center","background-size":"auto","background-attachment":"scroll","background-type":"","background-media":"","overlay-type":"","overlay-color":"","overlay-opacity":"","overlay-gradient":""},"mobile":{"background-color":"","background-image":"","background-repeat":"repeat","background-position":"center center","background-size":"auto","background-attachment":"scroll","background-type":"","background-media":"","overlay-type":"","overlay-color":"","overlay-opacity":"","overlay-gradient":""}},"ast-content-background-meta":{"desktop":{"background-color":"var(--ast-global-color-5)","background-image":"","background-repeat":"repeat","background-position":"center center","background-size":"auto","background-attachment":"scroll","background-type":"","background-media":"","overlay-type":"","overlay-color":"","overlay-opacity":"","overlay-gradient":""},"tablet":{"background-color":"var(--ast-global-color-5)","background-image":"","background-repeat":"repeat","background-position":"center center","background-size":"auto","background-attachment":"scroll","background-type":"","background-media":"","overlay-type":"","overlay-color":"","overlay-opacity":"","overlay-gradient":""},"mobile":{"background-color":"var(--ast-global-color-5)","background-image":"","background-repeat":"repeat","background-position":"center center","background-size":"auto","background-attachment":"scroll","background-type":"","background-media":"","overlay-type":"","overlay-color":"","overlay-opacity":"","overlay-gradient":""}},"_joinchat":[]},"product_brand":[],"product_cat":[71],"product_tag":[],"class_list":{"0":"post-2889","1":"product","2":"type-product","3":"status-publish","4":"has-post-thumbnail","6":"product_cat-productodigital","7":"post","8":"desktop-align-left","9":"tablet-align-left","10":"mobile-align-left","12":"first","13":"instock","14":"downloadable","15":"virtual","16":"purchasable","17":"product-type-simple"},"jetpack_sharing_enabled":true,"_links":{"self":[{"href":"https:\/\/vivetuestilo.com.ar\/vive\/wp-json\/wp\/v2\/product\/2889","targetHints":{"allow":["GET"]}}],"collection":[{"href":"https:\/\/vivetuestilo.com.ar\/vive\/wp-json\/wp\/v2\/product"}],"about":[{"href":"https:\/\/vivetuestilo.com.ar\/vive\/wp-json\/wp\/v2\/types\/product"}],"wp:featuredmedia":[{"embeddable":true,"href":"https:\/\/vivetuestilo.com.ar\/vive\/wp-json\/wp\/v2\/media\/3232"}],"wp:attachment":[{"href":"https:\/\/vivetuestilo.com.ar\/vive\/wp-json\/wp\/v2\/media?parent=2889"}],"wp:term":[{"taxonomy":"product_brand","embeddable":true,"href":"https:\/\/vivetuestilo.com.ar\/vive\/wp-json\/wp\/v2\/product_brand?post=2889"},{"taxonomy":"product_cat","embeddable":true,"href":"https:\/\/vivetuestilo.com.ar\/vive\/wp-json\/wp\/v2\/product_cat?post=2889"},{"taxonomy":"product_tag","embeddable":true,"href":"https:\/\/vivetuestilo.com.ar\/vive\/wp-json\/wp\/v2\/product_tag?post=2889"}],"curies":[{"name":"wp","href":"https:\/\/api.w.org\/{rel}","templated":true}]}}